{"id":396,"date":"2024-10-07T23:03:52","date_gmt":"2024-10-07T23:03:52","guid":{"rendered":"https:\/\/happysummer.edu.hn\/?page_id=396"},"modified":"2024-10-18T03:11:58","modified_gmt":"2024-10-18T03:11:58","slug":"mision","status":"publish","type":"page","link":"https:\/\/happysummer.edu.hn\/?page_id=396","title":{"rendered":"Mision"},"content":{"rendered":"\t\t<div data-elementor-type=\"wp-page\" data-elementor-id=\"396\" class=\"elementor elementor-396\">\n\t\t\t\t<div class=\"elementor-element elementor-element-d170bea e-flex e-con-boxed e-con e-parent\" data-id=\"d170bea\" data-element_type=\"container\" data-e-type=\"container\">\n\t\t\t\t\t<div class=\"e-con-inner\">\n\t\t\t\t<div class=\"elementor-element elementor-element-57b044c1 elementor-widget elementor-widget-text-editor\" data-id=\"57b044c1\" data-element_type=\"widget\" data-e-type=\"widget\" data-widget_type=\"text-editor.default\">\n\t\t\t\t<div class=\"elementor-widget-container\">\n\t\t\t\t\t\t\t\t\t<p>Somos una Instituci\u00f3n Educativa biling\u00fce a la vanguardia\u00a0<span style=\"font-size: inherit; text-align: inherit; color: var( --e-global-color-text ); font-family: var( --e-global-typography-text-font-family ), Sans-serif; font-weight: var( --e-global-typography-text-font-weight ); background-color: var(--global--color-background); letter-spacing: var(--global--letter-spacing-body);\">de los cambios tecnol\u00f3gicos, cient\u00edficos, sociales y\u00a0<\/span><span style=\"font-size: inherit; text-align: inherit; color: var( --e-global-color-text ); font-family: var( --e-global-typography-text-font-family ), Sans-serif; font-weight: var( --e-global-typography-text-font-weight ); background-color: var(--global--color-background); letter-spacing: var(--global--letter-spacing-body);\">culturales, que brinda a los ni\u00f1os y adolescentes de\u00a0<\/span><span style=\"font-size: inherit; text-align: inherit; color: var( --e-global-color-text ); font-family: var( --e-global-typography-text-font-family ), Sans-serif; font-weight: var( --e-global-typography-text-font-weight ); background-color: var(--global--color-background); letter-spacing: var(--global--letter-spacing-body);\">Honduras una educaci\u00f3n de calidad, bas\u00e1ndose en la\u00a0<\/span><span style=\"font-size: inherit; text-align: inherit; color: var( --e-global-color-text ); font-family: var( --e-global-typography-text-font-family ), Sans-serif; font-weight: var( --e-global-typography-text-font-weight ); background-color: var(--global--color-background); letter-spacing: var(--global--letter-spacing-body);\">construcci\u00f3n del conocimiento, a trav\u00e9s de una educaci\u00f3n\u00a0<\/span><span style=\"font-size: inherit; text-align: inherit; color: var( --e-global-color-text ); font-family: var( --e-global-typography-text-font-family ), Sans-serif; font-weight: var( --e-global-typography-text-font-weight ); background-color: var(--global--color-background); letter-spacing: var(--global--letter-spacing-body);\">integral que promueva el desarrollo de todas las\u00a0<\/span><span style=\"font-size: inherit; text-align: inherit; color: var( --e-global-color-text ); font-family: var( --e-global-typography-text-font-family ), Sans-serif; font-weight: var( --e-global-typography-text-font-weight ); background-color: var(--global--color-background); letter-spacing: var(--global--letter-spacing-body);\">capacidades de la persona con una s\u00f3lida base\u00a0<\/span><span style=\"font-size: inherit; text-align: inherit; color: var( --e-global-color-text ); font-family: var( --e-global-typography-text-font-family ), Sans-serif; font-weight: var( --e-global-typography-text-font-weight ); background-color: var(--global--color-background); letter-spacing: var(--global--letter-spacing-body);\">tecnol\u00f3gica, intelectual, cultural, moral y espiritual que\u00a0<\/span><span style=\"font-size: inherit; text-align: inherit; color: var( --e-global-color-text ); font-family: var( --e-global-typography-text-font-family ), Sans-serif; font-weight: var( --e-global-typography-text-font-weight ); background-color: var(--global--color-background); letter-spacing: var(--global--letter-spacing-body);\">permitan integrar a la sociedad personas con\u00a0<\/span><span style=\"font-size: inherit; text-align: inherit; color: var( --e-global-color-text ); font-family: var( --e-global-typography-text-font-family ), Sans-serif; font-weight: var( --e-global-typography-text-font-weight ); background-color: var(--global--color-background); letter-spacing: var(--global--letter-spacing-body);\">pensamientos positivos y productivos fundamentada en\u00a0<\/span><span style=\"font-size: inherit; text-align: inherit; color: var( --e-global-color-text ); font-family: var( --e-global-typography-text-font-family ), Sans-serif; font-weight: var( --e-global-typography-text-font-weight ); background-color: var(--global--color-background); letter-spacing: var(--global--letter-spacing-body);\">los valores universales y cristianos.<\/span><\/p>\t\t\t\t\t\t\t\t<\/div>\n\t\t\t\t<\/div>\n\t\t\t\t\t<\/div>\n\t\t\t\t<\/div>\n\t\t\t\t<\/div>\n\t\t","protected":false},"excerpt":{"rendered":"<p>Somos una Instituci\u00f3n Educativa biling\u00fce a la vanguardia\u00a0de los cambios tecnol\u00f3gicos, cient\u00edficos, sociales y\u00a0culturales, que brinda a los ni\u00f1os y adolescentes de\u00a0Honduras una educaci\u00f3n de calidad, bas\u00e1ndose en la\u00a0construcci\u00f3n del conocimiento, a trav\u00e9s de una educaci\u00f3n\u00a0integral que promueva el desarrollo de todas las\u00a0capacidades de la persona con una s\u00f3lida base\u00a0tecnol\u00f3gica, intelectual, cultural, moral y espiritual&hellip;<\/p>\n","protected":false},"author":1,"featured_media":0,"parent":0,"menu_order":0,"comment_status":"closed","ping_status":"closed","template":"","meta":{"footnotes":""},"class_list":["post-396","page","type-page","status-publish","hentry"],"_links":{"self":[{"href":"https:\/\/happysummer.edu.hn\/index.php?rest_route=\/wp\/v2\/pages\/396","targetHints":{"allow":["GET"]}}],"collection":[{"href":"https:\/\/happysummer.edu.hn\/index.php?rest_route=\/wp\/v2\/pages"}],"about":[{"href":"https:\/\/happysummer.edu.hn\/index.php?rest_route=\/wp\/v2\/types\/page"}],"author":[{"embeddable":true,"href":"https:\/\/happysummer.edu.hn\/index.php?rest_route=\/wp\/v2\/users\/1"}],"replies":[{"embeddable":true,"href":"https:\/\/happysummer.edu.hn\/index.php?rest_route=%2Fwp%2Fv2%2Fcomments&post=396"}],"version-history":[{"count":5,"href":"https:\/\/happysummer.edu.hn\/index.php?rest_route=\/wp\/v2\/pages\/396\/revisions"}],"predecessor-version":[{"id":573,"href":"https:\/\/happysummer.edu.hn\/index.php?rest_route=\/wp\/v2\/pages\/396\/revisions\/573"}],"wp:attachment":[{"href":"https:\/\/happysummer.edu.hn\/index.php?rest_route=%2Fwp%2Fv2%2Fmedia&parent=396"}],"curies":[{"name":"wp","href":"https:\/\/api.w.org\/{rel}","templated":true}]}}